hat is the remainder when 34077 is divided by 480?
477
Calculate the remainder when 8248 is divided by 688.
680
What is the remainder when 98114 is divided by 32677?
83
What is the remainder when 2159 is divided by 534?
23
Calculate the remainder when 14004 is divided by 73.
61
What is the remainder when 897 is divided by 126?
15
Calculate the remainder when 1783 is divided by 507.
262
Calculate the remainder when 152474 is divided by 188.
6
Calculate the remainder when 3113 is divided by 3080.
33
What is the remainder when 118233 is divided by 550?
533
Calculate the remainder when 621 is divided by 83.
40
Calculate the remainder when 3406 is divided by 3.
1
Calculate the remainder when 861621 is divided by 216.
213
What is the remainder when 359198 is divided by 216?
206
Calculate the remainder when 4464 is divided by 742.
12
What is the remainder when 4402 is divided by 938?
650
What is the remainder when 6739 is divided by 35?
19
Calculate the remainder when 67925 is divided by 43.
28
What is the remainder when 4941 is divided by 4885?
56
Calculate the remainder when 1159541 is divided by 654.
653
Calculate the remainder when 197718 is divided by 197716.
2
Calculate the remainder when 9691 is divided by 77.
66
What is the remainder when 1225 is divided by 487?
251
What is the remainder when 40110 is divided by 173?
147
Calculate the remainder when 3451 is divided by 1002.
445
What is the remainder when 234581 is divided by 71?
68
What is the remainder when 2854740 is divided by 578?
576
What is the remainder when 23405 is divided by 30?
5
What is the remainder when 33569 is divided by 61?
19
Calculate the remainder when 1556373 is divided by 1556368.
5
What is the remainder when 20348 is divided by 525?
398
Calculate the remainder when 7465 is divided by 373.
5
Calculate the remainder when 268546 is divided by 48.
34
What is the remainder when 12855 is divided by 4265?
60
What is the remainder when 2495 is divided by 847?
801
Calculate the remainder when 164234 is divided by 54743.
5
Calculate the remainder when 71342 is divided by 118.
70
What is the remainder when 184098 is divided by 700?
698
What is the remainder when 349320 is divided by 159?
156
What is the remainder when 22754 is divided by 5?
4
Calculate the remainder when 6345 is divided by 397.
390
Calculate the remainder when 4293 is divided by 2103.
87
Calculate the remainder when 4141 is divided by 512.
45
What is the remainder when 154679 is divided by 22?
19
What is the remainder when 27608 is divided by 2509?
9
Calculate the remainder when 12274 is divided by 51.
34
What is the remainder when 279160 is divided by 13?
11
Calculate the remainder when 38574 is divided by 77.
74
What is the remainder when 203 is divided by 198?
5
Calculate the remainder when 365789 is divided by 121925.
14
Calculate the remainder when 5897 is divided by 83.
4
Calculate the remainder when 9850 is divided by 15.
10
What is the remainder when 119373 is divided by 979?
914
Calculate the remainder when 275098 is divided by 105.
103
What is the remainder when 509 is divided by 463?
46
What is the remainder when 8332 is divided by 21?
16
Calculate the remainder when 745335 is divided by 1021.
5
Calculate the remainder when 22141 is divided by 265.
146
Calculate the remainder when 185429 is divided by 918.
911
What is the remainder when 8193 is divided by 491?
337
Calculate the remainder when 213 is divided by 31.
27
Calculate the remainder when 12526 is divided by 226.
96
What is the remainder when 10554 is divided by 91?
89
What is the remainder when 31556 is divided by 32?
4
Calculate the remainder when 15024 is divided by 456.
432
What is the remainder when 12446 is divided by 4098?
152
Calculate the remainder when 7160 is divided by 98.
6
What is the remainder when 35049 is divided by 1843?
32
What is the remainder when 544497 is divided by 66?
63
Calculate the remainder when 2510 is divided by 131.
21
What is the remainder when 333947 is divided by 6?
5
What is the remainder when 16314 is divided by 21?
18
What is the remainder when 1352 is divided by 98?
78
What is the remainder when 9621 is divided by 38?
7
Calculate the remainder when 41080 is divided by 7.
4
Calculate the remainder when 23845 is divided by 53.
48
Calculate the remainder when 1401737 is divided by 20.
17
Calculate the remainder when 4979 is divided by 116.
107
Calculate the remainder when 84678 is divided by 73.
71
Calculate the remainder when 1541 is divided by 934.
607
Calculate the remainder when 32047 is divided by 547.
321
What is the remainder when 172331 is divided by 34464?
11
Calculate the remainder when 22328 is divided by 657.
647
Calculate the remainder when 1555 is divided by 323.
263
Calculate the remainder when 238943 is divided by 98.
19
What is the remainder when 77997 is divided by 619?
3
Calculate the remainder when 5172 is divided by 20.
12
What is the remainder when 1227 is divided by 89?
70
What is the remainder when 7251 is divided by 1029?
48
Calculate the remainder when 680578 is divided by 7.
3
Calculate the remainder when 659337 is divided by 11.
8
What is the remainder when 28813 is divided by 7195?
33
What is the remainder when 208739 is divided by 62?
47
What is the remainder when 4983 is divided by 449?
44
Calculate the remainder when 420599 is divided by 278.
263
Calculate the remainder when 640520 is divided by 160129.
4
What is the remainder when 704279 is divided by 82?
63
Calculate the remainder when 2573 is divided by 154.
109
What is the remainder when 53429 is divided by 65?
64
What is the remainder when 26576 is divided by 8856?
8
Calculate the remainder when 2773 is divided by 162.
19
Calculate the remainder when 863014 is divided by 934.
932
Calculate the remainder when 239815 is divided by 38.
35
What is the remainder when 15701 is divided by 119?
112
What is the remainder when 117622 is divided by 338?
336
Calculate the remainder when 9597 is divided by 49.
42
What is the remainder when 758 is divided by 13?
4
What is the remainder when 494855 is divided by 70691?
18
Calculate the remainder when 11358 is divided by 2828.
46
Calculate the remainder when 249461 is divided by 9239.
8
What is the remainder when 6687 is divided by 88?
87
Calculate the remainder when 947805 is divided by 161.
159
Calculate the remainder when 345558 is divided by 671.
664
Calculate the remainder when 761441 is divided by 33.
32
What is the remainder when 29371 is divided by 706?
425
What is the remainder when 7880 is divided by 14?
12
What is the remainder when 3420 is divided by 89?
38
What is the remainder when 28416 is divided by 768?
0
What is the remainder when 66239 is divided by 33008?
223
What is the remainder when 4175 is divided by 2059?
57
Calculate the remainder when 1526 is divided by 516.
494
What is the remainder when 118523 is divided by 444?
419
What is the remainder when 110735 is divided by 11?
9
Calculate the remainder when 1501 is divided by 394.
319
Calculate the remainder when 126988 is divided by 808.
132
What is the remainder when 56864 is divided by 267?
260
What is the remainder when 1913 is divided by 182?
93
Calculate the remainder when 3076 is divided by 81.
79
What is the remainder when 5665 is divided by 88?
33
Calculate the remainder when 423799 is divided by 211893.
13
What is the remainder when 2154945 is divided by 55255?
0
Calculate the remainder when 1936 is divided by 214.
10
What is the remainder when 95890 is divided by 262?
260
Calculate the remainder when 11611013 is divided by 537.
536
Calculate the remainder when 30729 is divided by 10194.
147
Calculate the remainder when 25817 is divided by 48.
41
What is the remainder when 4660761 is divided by 87?
84
What is the remainder when 1948 is divided by 293?
190
Calculate the remainder when 22065 is divided by 7.
1
Calculate the remainder when 10065 is divided by 14.
13
What is the remainder when 124251 is divided by 234?
231
What is the remainder when 35391 is divided by 199?
168
What is the remainder when 15055 is divided by 70?
5
Calculate the remainder when 9169 is divided by 621.
475
What is the remainder when 34691 is divided by 880?
371
What is the remainder when 367329 is divided by 674?
673
Calculate the 